et v(n) = -1116*n**3 + 74*n + 74. Calculate v(-1).
1116
Let x(s) = -7*s**3 - s**2 - 5*s - 3. What is x(-1)?
8
Let g(d) = -d**2 + 10*d - 27. Give g(6).
-3
Let s(j) = -161*j + 1285. Calculate s(8).
-3
Let p(h) = h**3 - 32*h**2 + 80*h + 150. What is p(29)?
-53
Let z(j) = -j**3 + 10*j**2 + 168*j - 1462. Give z(8).
10
Let i(v) = -3*v**3 - 3*v**2 + 2*v + 13. What is i(-3)?
61
Let a(x) = -3*x**3 + 4*x**2 + 12*x + 14. Give a(-2).
30
Let n(o) = o**3 + 6*o**2 - 8*o + 36. Determine n(-7).
43
Let p(y) = y**3 - 5*y - 29. Determine p(0).
-29
Let w(d) = -d**3 + 64*d**2 - 101*d + 2376. Calculate w(63).
-18
Let i(x) = x**3 + 2*x**2 + 8*x + 14. Give i(-3).
-19
Let a(h) = 2*h**3 - 39*h**2 - 20*h - 13. Calculate a(20).
-13
Let l(p) = 4*p**3 + 5*p**2 + 13*p - 1. Determine l(-2).
-39
Let r(v) = 12*v - 339. Determine r(34).
69
Let b(q) = q**3 + 5*q**2 - 98*q - 13. Calculate b(-12).
155
Let i(z) = -z**3 + 16*z**2 + 37*z - 73. Calculate i(18).
-55
Let y(r) = r**2 - 53*r - 857. Give y(-20).
603
Let h(q) = 5639*q - 22561. What is h(4)?
-5
Let l(c) = -c**3 + c**2 - 5*c + 20. Determine l(0).
20
Let v(g) = 5622*g - 16862. Determine v(3).
4
Let a(p) = p**2 + 316*p - 953. Calculate a(3).
4
Let q(a) = -a**3 - 34*a**2 + 36*a + 79. Determine q(-35).
44
Let z(l) = l**2 - 146*l - 9. Calculate z(146).
-9
Let u(c) = c**3 + 68*c**2 + 3*c + 230. Calculate u(-68).
26
Let t(n) = 118*n - 473. Give t(4).
-1
Let m(v) = 15*v**2 - 17*v - 36. Determine m(-2).
58
Let t(y) = 662*y - 39073. Calculate t(59).
-15
Let a(s) = -33*s + 20. Determine a(3).
-79
Let v(b) = 64*b - 185. What is v(3)?
7
Let u(b) = -20*b**2 + 343*b - 378. Give u(16).
-10
Let u(g) = -2*g**3 + 64*g**2 + 133*g + 77. Determine u(34).
-25
Let a(d) = d**3 + 83*d**2 + 28*d + 2332. Determine a(-83).
8
Let a(z) = -3*z**3 + 121*z**2 + 88*z - 189. What is a(41)?
57
Let q(s) = s**3 + 28*s**2 + 24*s - 48. Determine q(-27).
33
Let j(g) = -2*g**2 + 8*g + 5. What is j(-4)?
-59
Let l(a) = -a**3 + 29*a**2 + 3*a - 95. Calculate l(29).
-8
Let z(v) = 74*v - 2680. Determine z(36).
-16
Let r(n) = -2*n**2 - 15*n + 70. What is r(-12)?
-38
Let v(q) = q**3 - q**2 + 8*q - 61. What is v(4)?
19
Let k(u) = -2*u**2 + 23*u - 2. What is k(11)?
9
Let c(g) = g**3 - 16*g**2 - 74*g + 125. Calculate c(20).
245
Let z(f) = -868*f - 20810. Give z(-24).
22
Let p(k) = -k**2 - 208*k + 12586. What is p(49)?
-7
Let k(p) = -27*p + 120. Calculate k(6).
-42
Let p(v) = -87*v + 264. Give p(3).
3
Let d(y) = 2*y**3 + 10*y**2 - 4*y - 28. Calculate d(-6).
-76
Let q(w) = 13*w**2 - 160*w + 52. Determine q(11).
-135
Let r(w) = 53*w + 1481. Calculate r(-28).
-3
Let u(s) = 3*s**2 - 207*s - 166. Give u(70).
44
Let v(n) = 25*n + 19. Give v(4).
119
Let v(h) = -2375*h - 11856. Give v(-5).
19
Let q(h) = -3*h**3 + 174*h**2 - 165*h - 373. Determine q(57).
-31
Let k(u) = -156*u - 5791. Calculate k(-37).
-19
Let l(i) = -3*i**2 + 267*i + 268. Give l(90).
-2
Let x(t) = -t**3 - 25*t**2 - 148*t + 20. Determine x(-10).
0
Let d(f) = 18*f**2 - 81*f + 38. What is d(4)?
2
Let h(z) = -5*z**3 + 4*z + 5. Give h(-1).
6
Let s(z) = -2*z**3 + 39*z**2 + 29*z - 272. Give s(20).
-92
Let c(d) = -2*d**3 + 13*d**2 + 3*d. Give c(6).
54
Let p(m) = 8*m + 104. Calculate p(-22).
-72
Let z(w) = 133*w**3 - 3*w**2 - 2*w + 2. What is z(1)?
130
Let m(o) = -13*o + 563. Give m(41).
30
Let j(r) = 3*r**2 - 93*r - 1013. Determine j(-8).
-77
Let h(o) = 85*o**2 - 3*o - 2. Calculate h(2).
332
Let g(k) = -k**3 - 22*k**2 + 39*k - 208. Give g(-24).
8
Let u(n) = 12*n - 25. Determine u(-13).
-181
Let i(o) = 254*o - 3569. Give i(14).
-13
Let d(n) = n**3 - 9*n**2 + 92*n - 569. Give d(7).
-23
Let n(z) = 121*z**2 + 746*z + 7. Determine n(-6).
-113
Let o(a) = -4*a**2 - 477*a + 1432. What is o(3)?
-35
Let x(q) = -131*q - 5395. Give x(-41).
-24
Let q(u) = 127*u + 965. Calculate q(-8).
-51
Let c(l) = -3*l**2 - 396*l + 9. Calculate c(-132).
9
Let r(w) = -41*w**3 - w**2 - 7*w + 6. Give r(1).
-43
Let s(b) = -b**3 - 63*b**2 - 331*b + 18. What is s(-6)?
-48
Let r(b) = 128*b + 112. Determine r(-3).
-272
Let z(x) = -35*x + 255. Determine z(6).
45
Let u(b) = b**3 - 15*b**2 + 35*b - 524. Calculate u(15).
1
Let g(f) = -f**3 - 12*f**2 - 43*f - 54. Calculate g(-7).
2
Let z(o) = o - 22. What is z(35)?
13
Let a(n) = 3210*n + 12818. Give a(-4).
-22
Let b(j) = j**3 + 149*j**2 - 1418*j + 629. Calculate b(-158).
-3
Let l(b) = -8*b**2 + 640*b + 3. Calculate l(80).
3
Let w(c) = -2*c**3 - 57*c**2 - 343*c - 14. Calculate w(-20).
46
Let w(d) = -101*d - 824. Give w(-8).
-16
Let a(j) = 2*j**3 - 37*j**2 - 11*j - 40. What is a(18)?
-562
Let h(c) = 175*c - 1742. What is h(10)?
8
Let w(d) = -d**2 + 21*d + 83. Determine w(-4).
-17
Let s(y) = -y**3 - 21*y**2 - 23*y - 39. Give s(-20).
21
Let f(g) = -431*g - 5597. What is f(-13)?
6
Let b(l) = l**2 - 440. Calculate b(-21).
1
Let p(a) = -a**2 + 12*a - 41. Calculate p(4).
-9
Let k(y) = -7*y - 124. What is k(-23)?
37
Let a(b) = -8*b + 398. Give a(50).
-2
Let f(x) = 207*x**2 - 211*x + 210. Determine f(1).
206
Let d(c) = -c**3 + 10*c**2 - 3*c + 23. Determine d(10).
-7
Let p(w) = 1115*w + 43504. What is p(-39)?
19
Let k(x) = x**3 - 2*x**2 - 34*x + 22. What is k(7)?
29
Let b(x) = -2*x**2 - 101*x - 725. What is b(-8)?
-45
Let k(s) = 3*s**3 - 544*s**2 - 360*s - 739. What is k(182)?
-11
Let m(j) = 2*j**3 + 15*j**2 - 42*j - 28. What is m(-9)?
107
Let i(g) = -3*g**2 - 72*g + 534. Determine i(-30).
-6
Let v(f) = 5013*f - 30007. Calculate v(6).
71
Let w(z) = z**2 - 47*z + 559. Calculate w(11).
163
Let h(p) = -p**2 + 39*p - 342. Give h(31).
-94
Let f(g) = -g**2 - 49*g - 323. Determine f(-7).
-29
Let a(y) = -y**2 + 38*y + 186. Determine a(42).
18
Let o(s) = -s**3 - 48*s**2 - 174*s + 17. What is o(-4)?
9
Let o(x) = 10*x**3 - 8*x**2 + 27*x - 36. Determine o(2).
66
Let h(f) = -f**3 + 4*f**2 + 33*f - 135. Determine h(4).
-3
Let j(g) = 41*g + 230. Give j(-6).
-16
Let n(t) = 85*t - 208. Give n(6).
302
Let a(y) = y**3 + y**2 - 120*y + 105. Calculate a(10).
5
Let u(h) = -h**2 - 119*h - 3083. Give u(-81).
-5
Let l(q) = -q**3 - 162*q**2 + 1192*q + 1516. Determine l(-169).
-5
Let s(t) = t**2 + 24*t + 23. Give s(-23).
0
Let x(p) = -86*p + 353. What is x(0)?
353
Let t(a) = 2160*a - 41030. Calculate t(19).
10
Let k(h) = 157*h - 2642. Give k(21).
655
Let p(k) = 2*k**2 - 23*k - 125. What is p(20)?
215
Let j(q) = -2*q**2 + 34*q + 24. What is j(17)?
24
Let x(o) = -o**3 - 15*o**2 - 4*o - 31. Determine x(0).
-31
Let q(m) = -m**2 - 19*m + 519. Determine q(15).
9
Let z(g) = -4*g**2 - 17*g - 13. What is z(-2)?
5
Let l(a) = 6*a + 77. Give l(-2).
65
Let s(d) = d**2 + 67*d - 170. What is s(-69)?
-32
Let r(j) = -25*j**3 + 2*j**2 - 90*j - 90. Determine r(-1).
27
Let y(q) = 11*q + 46. Calculate y(5).
101
Let t(j) = 61*j - 180. Determine t(3).
3
Let z(o) = -2*o**2 + 43*o - 14. Give z(21).
7
Let l(f) = -20*f**3 - 7*f**2 - 10*f + 4. Give l(-2).
156
Let z(c) = -2*c**3 + 121*c**2 + 187*c - 63. Determine z(62).
-1
Let a(z) = -36*z + 741. Calculate a(20).
21
Let c(u) = -u**3 - 37*u**2 + 83*u + 108. Give c(-39).
-87
Let w(r) = -r**3 - 17*r**2 + 4*r + 132. Calculate w(-3).
-6
Let u(h) = h**2 - 56*h - 1452. Calculate u(-19).
-27
Let x(k) = -4*k**2 - 133*k + 109. Calculate x(-33).
142
Let m(a) = -a**2 + a + 602. Calculate m(-24).
2
Let w(s) = -3*s**2 - 56*s - 51. Calculate w(-7).
194
Let z(l) = -l**2 + 78*l - 567. Give z(8).
-7
Let r(v) = -21*v - 226. Determine r(-25).
299
Let j(p) = -p**2 - 54*p - 374. What is j(-8)?
-6
Let v(w) = 179*w + 239. Determine v(-1).
60
Let w(g) = -g**3 - 91*g**2 + 379*g - 116. Give w(-95).
-21
Let i(m) = -21*m - 2294. What is i(-94)?
-320
Let o(n) = n**3 - 144*n**2 - 279*n - 1818. Calculate o(146).
80
Let r(n) = -29*n + 172. What is r(8)?
-60
Let m(t) = 22*t**2 + 1302*t + 250. Give m(-59).
14
Let i(v) = -4*v**2 + 93*v + 12. Give i(0).
12
Let w(x) = 37*x - 34. What is w(-5)?
-219
Let f(p) = 24*p - 524. Determine f(24).
52
Let f(d) = -5*d**2 + 37*d - 60. What is f(3)?
6
Let o(i) = -183*i - 5121. Calculate o(-28).
3
Let a(f) = 156*f + 538. Give a(-3).
70
Let v(b) = -20*b**3 - 158*b**2 + 18*b + 8. Calculate v(-8).
-8
Let i(n) = 7*n - 106. Determine i(13).
-15
Let d(v) = 2*v**2 - 97*v + 122. Calculate d(47).
-19
Let u(l) = -219*l + 1171. Determine u(5).
76
Let d(a) = -a**2 + 43*a + 224. What is d(49)?
-70
Let j(w) = w**2 - 39*w - 2376. What is j(-33)?
0
